red thousands digit of 4813129?
8
What is the hundreds digit of 241840?
8
What is the tens digit of 3880484?
8
What is the hundred thousands digit of 263861?
2
What is the thousands digit of 2405310?
5
What is the tens digit of 24984219?
1
What is the units digit of 633846?
6
What is the units digit of 18360?
0
What is the hundreds digit of 612?
6
What is the units digit of 26730?
0
What is the ten thousands digit of 11443909?
4
What is the units digit of 1559105?
5
What is the hundreds digit of 1109013?
0
What is the units digit of 3208843?
3
What is the thousands digit of 1467168?
7
What is the hundred thousands digit of 206668?
2
What is the tens digit of 1759190?
9
What is the ten thousands digit of 25195455?
9
What is the tens digit of 844588?
8
What is the ten thousands digit of 1029300?
2
What is the ten thousands digit of 162688?
6
What is the units digit of 534585?
5
What is the thousands digit of 5350673?
0
What is the units digit of 1682494?
4
What is the thousands digit of 16703856?
3
What is the ten thousands digit of 4580799?
8
What is the hundred thousands digit of 260923?
2
What is the thousands digit of 510600?
0
What is the tens digit of 8244241?
4
What is the thousands digit of 5166420?
6
What is the hundreds digit of 1015225?
2
What is the ten thousands digit of 507671?
0
What is the ten thousands digit of 11456?
1
What is the ten thousands digit of 550130?
5
What is the thousands digit of 35365?
5
What is the ten thousands digit of 1624588?
2
What is the ten thousands digit of 104425?
0
What is the hundreds digit of 334463?
4
What is the thousands digit of 2117478?
7
What is the units digit of 18369?
9
What is the millions digit of 2557540?
2
What is the ten thousands digit of 415547?
1
What is the hundred thousands digit of 1587238?
5
What is the ten thousands digit of 304480?
0
What is the thousands digit of 16171109?
1
What is the units digit of 177920?
0
What is the units digit of 2927455?
5
What is the hundred thousands digit of 737415?
7
What is the ten thousands digit of 85461?
8
What is the thousands digit of 5272798?
2
What is the thousands digit of 418720?
8
What is the units digit of 20149?
9
What is the units digit of 391711?
1
What is the hundreds digit of 1232240?
2
What is the hundred thousands digit of 1470393?
4
What is the tens digit of 1643108?
0
What is the hundreds digit of 2392580?
5
What is the units digit of 8751716?
6
What is the hundred thousands digit of 12162233?
1
What is the hundred thousands digit of 8310281?
3
What is the units digit of 2105167?
7
What is the hundreds digit of 28857581?
5
What is the units digit of 474092?
2
What is the hundred thousands digit of 1981261?
9
What is the ten thousands digit of 217967?
1
What is the hundred thousands digit of 859250?
8
What is the hundreds digit of 459078?
0
What is the thousands digit of 1158339?
8
What is the thousands digit of 6275607?
5
What is the units digit of 848358?
8
What is the millions digit of 10501359?
0
What is the hundreds digit of 1715675?
6
What is the units digit of 16867097?
7
What is the hundred thousands digit of 910939?
9
What is the ten thousands digit of 422351?
2
What is the ten thousands digit of 9058961?
5
What is the units digit of 183991?
1
What is the thousands digit of 4315210?
5
What is the ten thousands digit of 25616314?
1
What is the hundred thousands digit of 763303?
7
What is the thousands digit of 93750?
3
What is the ten thousands digit of 115695?
1
What is the hundreds digit of 737561?
5
What is the tens digit of 6531446?
4
What is the tens digit of 156227?
2
What is the units digit of 164483?
3
What is the thousands digit of 2253195?
3
What is the tens digit of 7185?
8
What is the hundred thousands digit of 745335?
7
What is the ten thousands digit of 722129?
2
What is the tens digit of 25234?
3
What is the ten thousands digit of 298714?
9
What is the hundreds digit of 12050037?
0
What is the units digit of 518309?
9
What is the millions digit of 1785011?
1
What is the millions digit of 3546058?
3
What is the hundreds digit of 321459?
4
What is the units digit of 239450?
0
What is the hundred thousands digit of 275857?
2
What is the hundred thousands digit of 661080?
6
What is the units digit of 528275?
5
What is the tens digit of 2576210?
1
What is the hundred thousands digit of 2597105?
5
What is the units digit of 4554617?
7
What is the hundreds digit of 8791846?
8
What is the hundreds digit of 2672906?
9
What is the tens digit of 606736?
3
What is the ten thousands digit of 421036?
2
What is the hundreds digit of 5050060?
0
What is the hundred thousands digit of 747192?
7
What is the thousands digit of 505660?
5
What is the hundred thousands digit of 8028028?
0
What is the thousands digit of 869963?
9
What is the units digit of 657607?
7
What is the ten thousands digit of 328009?
2
What is the units digit of 294471?
1
What is the hundreds digit of 5178496?
4
What is the units digit of 545750?
0
What is the hundreds digit of 4369?
3
What is the tens digit of 17669482?
8
What is the ten thousands digit of 326369?
2
What is the hundred thousands digit of 1321126?
3
What is the units digit of 2101789?
9
What is the tens digit of 22012462?
6
What is the millions digit of 2544678?
2
What is the tens digit of 205042?
4
What is the tens digit of 54183?
8
What is the ten thousands digit of 3811957?
1
What is the units digit of 16052733?
3
What is the thousands digit of 2137470?
7
What is the hundreds digit of 7656511?
5
What is the ten thousands digit of 1521283?
2
What is the millions digit of 4500096?
4
What is the tens digit of 1078638?
3
What is the hundreds digit of 25619834?
8
What is the hundreds digit of 834103?
1
What is the tens digit of 706477?
7
What is the thousands digit of 711719?
1
What is the ten thousands digit of 81432?
8
What is the hundreds digit of 375782?
7
What is the hundreds digit of 761302?
3
What is the hundred thousands digit of 870241?
8
What is the hundreds digit of 843304?
3
What is the ten thousands digit of 5255771?
5
What is the ten thousands digit of 589989?
8
What is the thousands digit of 3207532?
7
What is the ten thousands digit of 3224366?
2
What is the units digit of 117179?
9
What is the hundred thousands digit of 224686?
2
What is the hundreds digit of 26531933?
9
What is the hundreds digit of 6924795?
7
What is the ten thousands digit of 160179?
6
What is the hundred thousands digit of 405069?
4
What is the hundreds digit of 1289334?
3
What is the hundred thousands digit of 2054152?
0
What is the units digit of 9494491?
1
What is the ten thousands digit of 7398067?
9
What is the tens digit of 2055828?
2
What is the hundreds digit of 1671307?
3
What is the tens digit of 221549?
4
What is the units digit of 13491285?
5
What is the thousands digit of 67922?
7
What is the hundreds digit of 101105?
1
What is the hundreds digit of 7378397?
3
What is the hundreds digit of 446834?
8
What is the ten thousands digit of 8764346?
6
What is the units digit of 398115?
5
What is the ten thousands digit of 2115342?
1
What is the hundred thousands digit of 12064282?
0
What is the hundred thousands digit of 4749301?
7
What is the units digit of 5734464?
4
What is the tens digit of 3697212?
1
What is the hundreds digit of 37379?
3
What is the ten thousands digit of 293913?
9
What is the hundred thousands digit of 2194410?
1
What is the ten millions digit of 18709641?
1
What is the ten thousands digit of 13037684?
3
What is the units digit of 45131?
1
What is the units digit of 431479?
9
What is the ten millions digit of 16035441?
1
What is the tens digit of 3887691?
9
What is the millions digit of 2101275?
2
What is the tens digit of 36022?
2
What is the ten thousands digit of 688340?
8
What is the units digit of 18908?
8
What is the millions digit of 4844912?
4
What is the hundreds digit of 988165?
1
What is the units digit of 25250773?
3
What is the hundred thousands digit of 104221?
1
What is the millions digit of 3825306?
3
What is the units digit of 41126?
6
What is the hundreds digit of 1628011?
0
What is the ten thousands digit of 675158?
7
What is the tens digit of 375799?
9
What is the thousands digit of 626625?
6
What is the thousands digit of 6518276?
8
What is the t